-28)/m)?
1
Suppose 3*k + 3 = 0, -k - 1066 = -2*a - 5*k. What is the units digit of a?
5
Let z(q) = 5*q**2 + 2*q - 1. Let i be z(6). Suppose i + 89 = 8*v. What is the tens digit of v?
3
Let m(o) be the third derivative of -17*o**4/24 - 5*o**3/6 + 7*o**2. What is the tens digit of m(-2)?
2
Let j(z) = z**3 + 17*z**2 + 4*z + 21. What is the units digit of j(-16)?
3
Let x(w) = 10*w**3 - 3*w**2 + w. Let k be (27/(-18))/((-6)/8). What is the tens digit of x(k)?
7
Let t = 16 + -9. Suppose -4*w = -t*w. Suppose 6*p - 5*p - 22 = w. What is the tens digit of p?
2
Let p be (-160)/(-2) - (-1 - -3). Suppose -w = w - p. What is the tens digit of w?
3
Let j(o) = 47*o**3 + o + 2. What is the hundreds digit of j(2)?
3
Suppose 339 = 5*v + q - 3377, -747 = -v - 4*q. Suppose -4*i = -2*a - 584, -2*i + v = 3*i + 4*a. What is the tens digit of i?
4
Let z(d) be the second derivative of 97*d**5/20 + d**3/2 - d**2 - 2*d. What is the units digit of z(1)?
8
Let y(q) = 2*q**2 + 1. Let d = 0 - 0. Suppose d = -6*i + i - 15. What is the tens digit of y(i)?
1
Suppose 0 = 2*k - 5*k. Let y = k + 30. Suppose -2*d = 3*f - 4*d - 65, 2*f = -2*d + y. What is the tens digit of f?
1
Let m(o) = 10 + 0*o + 6 + 0*o - o. Let f be m(14). Let z = f + 9. What is the tens digit of z?
1
Suppose -49 = -z - 4*i - 11, -i = -z + 13. Let h = z + -23. What is the units digit of h/(-25) + (-258)/(-10)?
6
Let x(o) = 73*o**2 + 10*o - 130. What is the units digit of x(7)?
7
Let d(f) = -4*f**3 - f**2 + 1. Let x be d(-1). Suppose 11 + x = 3*j. Suppose j*n = k + k - 13, -4*n = -4. What is the units digit of k?
9
Let s be 51/(-4)*(-32)/8. Suppose -s - 45 = -2*v. What is the units digit of v?
8
Let s(d) = 10*d**2 - d - 6. Let h(q) = 21*q**2 - 2*q - 13. Let a(c) = -6*h(c) + 13*s(c). What is the units digit of a(-4)?
8
Suppose -6 - 24 = 2*b. Let r = b + 74. What is the tens digit of r?
5
Let q = -3394 + 7484. What is the tens digit of q?
9
Let m(u) = 4*u - 18. Let h be m(12). Let p(l) = -l - 4. Let o be p(-7). Suppose o*z = 5*z - h. What is the units digit of z?
5
Suppose 3*k = 2*k + 292. Let a = k + -159. What is the tens digit of a?
3
Let p(d) = d**3 + 12*d**2 + 22. What is the units digit of p(-11)?
3
Let q = -23 + 23. Suppose q = 7*t - 4*t - 147. What is the units digit of t?
9
Suppose -4*k = -2*k - 5*x - 23, -3*k + 52 = -4*x. Let p be (34 + -40)/(1/2). Let r = p + k. What is the units digit of r?
2
Let c be (-6)/(-4)*8/6. Suppose 7*a + 40 - 75 = 0. Suppose a*f = k + 5, c*f = -0*k - 3*k + 19. What is the units digit of k?
5
Let z = 2420 - 1507. What is the hundreds digit of z?
9
Let s(c) = -6*c**3 + 7*c**2 + 3*c - 6. What is the tens digit of s(-5)?
0
Suppose 5*i - 14 = -49. Let a = -2 - i. Suppose 0 = -a*s - 3*g + 89 + 123, -5*s + 204 = g. What is the tens digit of s?
4
Let t(w) = -w**3 - 3*w**2 + 3. Let l be t(2). Let r = l - -112. What is the units digit of r?
5
Let l = 54 + -100. Let a = l + 79. What is the tens digit of a/44 - (-162)/8?
2
Suppose 5*j - 5*r = 9390, -j + 6*j = 3*r + 9382. What is the tens digit of j?
7
Suppose -x + k + 85 = 13, -3*x - 3*k + 246 = 0. Suppose 9*c - x = 2*c. Let o = c - 9. What is the units digit of o?
2
Suppose -25*y + 26*y = 3708. What is the thousands digit of y?
3
Suppose -470 + 82 = -2*k. What is the units digit of k?
4
Suppose -7*j = -2*j. Suppose -2*w = 4*d + 28, -4*w + j*w + d = 101. What is the units digit of 2/(-3) + (-376)/w?
5
Let d(f) = 5*f + 6. Let q(z) = 5*z + 17. Let h(p) = -6*p - 16. Let k(t) = 6*h(t) + 5*q(t). Let m(w) = -5*d(w) - 2*k(w). What is the units digit of m(-7)?
3
What is the units digit of (-987)/(-3) - (-9)/3?
2
What is the tens digit of (-1 + (-3467 - 0))*222/(-296)?
0
Suppose -5*f - 11*g = -7*g - 1906, 0 = -2*f + 2*g + 748. What is the hundreds digit of f?
3
Let o(f) be the first derivative of -f**4/4 - 3*f**3 - 4*f**2 + 4*f + 3. Let q be o(-6). Let v = 81 + q. What is the units digit of v?
5
Let a(c) = -9*c**3 - 3*c**2 - 3*c - 1. Let l be a(-1). Let x = 12 - l. Suppose -5*r - 3*i + 115 = -8*i, i = x. What is the units digit of r?
7
Let m(o) = 65*o - 5. What is the tens digit of m(3)?
9
Let l(y) = y**2 - 11*y - 7. Let p be l(12). Suppose -a + 183 = 3*h - 2*a, 15 = -p*a. Suppose -3*w = w - h. What is the units digit of w?
5
Let h = 1030 + -729. What is the units digit of h?
1
Let n be 0 + 4 + (-1 - -3). Let a = 59 - n. What is the units digit of a?
3
Let q(v) be the second derivative of -v**4/12 + 11*v**3/6 + 3*v**2/2 + 2*v. What is the units digit of q(5)?
3
Suppose 82*r + 4656 = 130*r. What is the units digit of r?
7
Suppose -21*a - 4505 = -26*a. What is the tens digit of a?
0
Let y = -1034 - -1482. Suppose -2*c = -3*r - 0*r - y, -444 = -2*c + 2*r. What is the hundreds digit of c?
2
Suppose -6*f = -3154 - 11882. What is the thousands digit of f?
2
Let x = -11 + 28. Suppose -8 = -5*m + x. What is the units digit of 160/25 - 2/m?
6
Suppose 4*h - 2*k = 360, -4*h = -7*h + 2*k + 270. Let t = h + -24. What is the units digit of t?
6
Suppose 0 = -5*h - 8875 + 1595. What is the hundreds digit of ((-90)/25 - -4) + h/(-10)?
1
Suppose 30 - 18 = -2*d. Let q(n) = 4*n**2 + 8*n - 5. What is the tens digit of q(d)?
9
Let j(a) = -6*a + 5. Let m be j(-2). Suppose -21 = -w - m. What is the units digit of w?
4
Suppose 894 = 2*n + 2*b, 5*n - 7*b = -11*b + 2232. What is the hundreds digit of n?
4
Suppose -k - 10*w + 15*w + 184 = 0, 5*w - 398 = -2*k. What is the hundreds digit of k?
1
Let a be 1 - (1 + -4 + -1). Suppose -m + 3*t + 23 = 0, a*m + 2*t = t + 195. What is the tens digit of m?
3
Suppose -7*d + 8*d - 509 = 0. Suppose -a = -3*q + d, 0*q + 853 = 5*q - 4*a. What is the units digit of q?
9
Suppose -y + 2*m = 6*m - 11, 2*y - 43 = -m. Suppose v = y + 80. What is the tens digit of v?
0
Let w = 2805 + 973. What is the units digit of w?
8
Suppose 0 = -5*h - 5*x + x - 1136, -x + 1116 = -5*h. Let s = -75 - h. What is the tens digit of s?
4
Let h = 172 - -175. Let a = h + -194. What is the units digit of a?
3
Let j(q) = q**2 + 8*q + 3. Let y be j(-8). Suppose 3*i + i = -24. What is the tens digit of y + 34 - (i + 2)?
4
What is the units digit of 453*(((-200)/12)/5 + 4)?
2
Suppose 0 = -157*f + 195*f - 244340. What is the tens digit of f?
3
Let d = 21 - 31. Let x = 24 + d. What is the units digit of x?
4
Let s(u) = 3*u - 2. Let p = 20 - 17. Let w be s(p). Suppose g = 2*m - 2*g + 5, 2*m + g = w. What is the units digit of m?
2
Let r(p) = -p**3 - 6*p**2 - 11*p - 9. Let y be r(-4). Suppose -64 = -3*g + y*f + 305, g + f = 115. What is the tens digit of g?
1
Let p = 1408 + -910. What is the units digit of p?
8
Let a be 6 - (-9)/(18/(-8)). Suppose 0 = a*v - 475 + 117. What is the hundreds digit of v?
1
Let o(u) = 7*u - 38. Suppose 2*x - 32 = -6. What is the units digit of o(x)?
3
Let t = -126 + 89. Let v = -17 - t. What is the units digit of v?
0
Let r(f) = 6*f**2 - f. Let x be r(-1). Suppose 0 = 2*g + 1 - x. Suppose g*z - 2*z - 8 = 0. What is the units digit of z?
8
Let v(j) = -j**3 - 5*j**2 - 6*j - 11. Let r be v(-6). Let x = 138 + r. What is the units digit of x?
9
Let j(v) = v - 5. Let w be j(8). Suppose 25 = 5*f - 5*b, -5 = -f + b - 4*b. Suppose w*c = 4*c + 4*u - f, -c + 10 = -u. What is the units digit of c?
9
Suppose r + 159 = 417. What is the units digit of r?
8
Let b be ((-6)/(-5))/((-9)/(-30)). Let p(s) = 19*s - 6. What is the units digit of p(b)?
0
What is the hundreds digit of 546 + -24*10/(-40)?
5
Suppose -3*p + 2*l + 10 = 0, -2*l = 4*p - 19 - 13. Suppose -h + p*h = 0. Suppose h = 4*j + 3*u - 76, 3*j = -j - 4*u + 72. What is the tens digit of j?
2
What is the tens digit of 2/(-4)*(90/10 - 575)?
8
Let x = 226 - 99. What is the units digit of x?
7
Suppose -4*p = -j + 30, 2*j = -3*p - 0*p + 5. Let b(f) = 4*f + 2. What is the tens digit of b(j)?
4
What is the tens digit of 43*(4 + (-9)/(12/(-4)))?
0
Suppose -4*x + 112 = -3*x + 3*i, 0 = -4*x - i + 470. What is the hundreds digit of x?
1
Let n(y) = -y**3 + 7*y**2 - 8*y - 5. Let s be n(5). Suppose -q - 438 = -s*r, -4*r + 333 = -0*r + 5*q. What is the units digit of r?
7
Let r = -110 - -156. Suppose 2*c - r = -3*n, 3*n = -n + 2*c + 38. What is the units digit of n?
2
What is the tens digit of (-176)/(98/(-28) + 6/4)?
8
Suppose -2*r - 5*r = -469. What is the units digit of (r/(-2) - -1)*24/(-10)?
8
Suppose -2*k - 10